 (50/(-18) + (-14)/63). Suppose -d - z + 8 = -4, -63 = -a*d - z. What is the remainder when 33 is divided by d?
16
Let x = -606 - -609. Calculate the remainder when 9 is divided by x.
0
Let r(f) = 3*f**2 - 77*f + 62. What is the remainder when 164 is divided by r(25)?
8
Let k(s) = 2*s**2 - 99*s + 106. What is the remainder when k(50) is divided by 33?
24
Let k(d) = -d**2 + 16*d - 54. What is the remainder when 103 is divided by k(8)?
3
Let r = 13 - 16. Suppose -3*h + 6 + 7 = v, 0 = -4*h - 16. Calculate the remainder when v is divided by (21/(-9))/(r/9).
4
Let f = 42 + -49. Calculate the remainder when 126 is divided by (28/8)/f*-86.
40
Let y(v) = v**2 + 12*v. Let u be y(-12). Suppose 4*c + u*c = 0. Suppose 20 = -c*a + 2*a. What is the remainder when 38 is divided by a?
8
Let r = 6 + -2. Let p be ((-15)/6)/((-2)/r). Calculate the remainder when 22 is divided by p + (-3)/(-1) + 0.
6
Let l = -22 - -40. Calculate the remainder when -6 + 9855/60 + -16 - 2/8 is divided by l.
16
Suppose 0 = 23*b - 144*b + 968. What is the remainder when 250 is divided by b?
2
Let d = 10 + 6. What is the remainder when 28/8*(0/5 - -6) is divided by d?
5
Let h = 14 + -34. Let i = 34 + h. Calculate the remainder when i is divided by 8*(-2 - -3)*(-2)/(-4).
2
Let w = 22 - 8. Let d = -590 + 615. Calculate the remainder when d is divided by w.
11
Let r = 4704 + -4683. Suppose 4*i - x - 167 = 0, -i + 5*x = -6*i + 190. What is the remainder when i is divided by r?
20
Let w(v) = -21 + 8 + 8 - 12*v. Suppose -2*d = 4 - 0. What is the remainder when 74 is divided by w(d)?
17
Calculate the remainder when (-40888)/(-418) + (3 - (-93)/(-33)) is divided by 1/(-3) + (-152)/(-6).
23
Suppose -93*p + 104*p = 121. Calculate the remainder when 71 is divided by p.
5
Suppose -21 + 105 = 14*m. Calculate the remainder when m is divided by 3.
0
Let m(i) = i**2 - 4*i - 10. What is the remainder when 69 is divided by m(-3)?
3
What is the remainder when 146 is divided by -4*129/(-12) - -6?
48
Let b(r) = r**3 - 5*r**2 - 3*r + 4. Let q(j) = j. Let n be q(7). What is the remainder when b(n) is divided by 21?
18
Suppose -2*x + 14 = 5*r - 0*x, -5*r + 2*x + 6 = 0. Suppose -4*h + 8 - 2 = r*k, -2*h = -2*k + 12. Calculate the remainder when 19 is divided by k.
4
Let q = 1510 + -1504. Calculate the remainder when (-3)/2*132/(-9) is divided by q.
4
Suppose -583 + 655 = 2*x. Calculate the remainder when 213 is divided by x.
33
Let m = -871 + 2515. What is the remainder when m is divided by 61?
58
Let z = 2555 + -2529. Calculate the remainder when 116 is divided by z.
12
Let u = 77 + -46. Let z = 47 - u. Let i(o) = -2*o - 4. Calculate the remainder when z is divided by i(-5).
4
Let w(d) = -d**3 - 3*d**2 + 2*d + 63. Suppose -16 - 23 = -3*n. What is the remainder when w(0) is divided by n?
11
Let u = 17 - -17. Let h(i) = u - 7 - 2*i - i**2 + 4*i - i. What is the remainder when h(0) is divided by 14?
13
Suppose 0 = 2*z + 5*d - 3, -z - 3*d - 7 = -2*z. Suppose 9*b = 10*b - z. Calculate the remainder when 20 is divided by (88/12)/(b/6).
9
What is the remainder when ((-10)/6)/(128/(-157824)) is divided by 17?
15
Suppose -v = -5*j + 5614, -4*j = -88*v + 85*v - 4500. What is the remainder when j is divided by 23?
18
Suppose -43*x + 2 = -41*x. Let s = -2 + 3. What is the remainder when s*(23 + (x - 3)) is divided by 12?
9
Suppose 21 - 21 = -w. Suppose 9*l + w*l - 90 = 0. What is the remainder when l is divided by 3?
1
Suppose -8*b + 210 + 126 = 0. Let x(g) = -g - 1. Let r be x(-5). Suppose t = r*t - 45. What is the remainder when b is divided by t?
12
Let u(v) = v**2 - 6*v - 4. Let f(a) = -a**3 + 11*a**2 - 8*a - 13. Let m be f(10). Calculate the remainder when 9 is divided by u(m).
0
Suppose 0 = 3*h + 5*n - 785, -5*n + 4*n + 1041 = 4*h. Suppose 12*i = 8*i + h. Calculate the remainder when i is divided by 34.
31
Suppose -14*c = 5*y - 18*c - 53, y + 2*c - 5 = 0. What is the remainder when 458 is divided by y?
8
Suppose 0 = x - 3*x + 26. Let p be (-443)/(-7) + 2 + (-16)/7. Suppose 4*g + 5*g - p = 0. What is the remainder when x is divided by g?
6
Let w(a) = a**2 - 4*a + 56. Calculate the remainder when w(13) is divided by 35.
33
Let c = 1042 + -920. Calculate the remainder when c is divided by 14.
10
Suppose -t = -1 - 1. Suppose 8*g - 3*g - 2 = t*k, -g = 4*k - 18. Suppose -v + d = -10, v - 2*d = 4 + 11. What is the remainder when v is divided by k?
1
Let u = -162 + 271. Let w(r) = -r - 3. Let i be w(-7). Calculate the remainder when u is divided by (75 - 1)*4/32*i.
35
Let w be (-5)/(15/27) + 2. Let q(v) = 5*v**2 - v. Let s be q(1). What is the remainder when (14/w)/(s/(-194)) is divided by 25?
22
Let s(l) = -247*l**2 + 3*l**3 + 6 - l - 2*l**3 + 247*l**2. Let m be s(0). Suppose m*r + 0*r = 36. What is the remainder when 21 is divided by r?
3
Let s(y) = 24*y - 5. Let x = -1477 + 1525. What is the remainder when s(8) is divided by x?
43
Let r(v) = v + 9. Let n = 17 - 16. Let p = 1 - n. What is the remainder when 17 is divided by r(p)?
8
Let h(i) = -i**3 - 13*i**2 - 14*i + 8. Let p be h(-12). Suppose -648 - p = -8*m. What is the remainder when m is divided by 11?
8
Suppose -c + 5*u + 47 = 0, -82 = -2*c + u - 3*u. What is the remainder when c is divided by 5?
2
Suppose 0 = -b + y + 59 - 10, -3*y = 5*b - 221. Calculate the remainder when 76 is divided by b.
30
Suppose 1955*p - 1966*p + 748 = 0. What is the remainder when 2172 is divided by p?
64
Let s = 577 + -552. Calculate the remainder when 648 is divided by s.
23
Suppose 2*p = 4*g + 48, 5*g - p - 1 + 61 = 0. What is the remainder when 80 is divided by 490/18 + g/54?
26
Suppose -5*f + 2292 - 937 = 0. Suppose -8*h + 113 + f = 0. What is the remainder when 143 is divided by h?
47
Suppose -f - 1 = -12. Let c = -44 - -44. Suppose c = -6*x + 150 + 96. Calculate the remainder when x is divided by f.
8
Let l(h) = h**2 + 5*h + 4. Let t(k) = -6*k**2 - 2*k - 1. Suppose -a = -1 + 2. Let y be t(a). What is the remainder when l(y) is divided by 3?
1
Let d be 8 - (-3 - (-6 - -2)). Calculate the remainder when 16/56 - (-425)/d is divided by 31.
30
Let p(n) = 6*n**3 + 9*n**2 - 17*n - 2. Calculate the remainder when p(4) is divided by 33.
29
Calculate the remainder when 1089 is divided by (4 + -10 - 8)*-6.
81
Let m(r) = -2*r - 5*r**2 - 3 - r + 20*r**2 + 8*r**2. What is the remainder when 44 is divided by m(-1)?
21
Suppose 3*s - 4*x - 291 = 0, s + x - 113 + 16 = 0. Calculate the remainder when s is divided by 11.
9
Let u(z) be the third derivative of 5*z**4/24 - 4*z**3/3 + 10*z**2. What is the remainder when 23 is divided by u(3)?
2
Let x(z) = -z**2 + 15*z + 31. Let r(b) = b**3 + 14*b**2 + 13*b + 15. Let j be r(-13). Calculate the remainder when 61 is divided by x(j).
30
Suppose 189 = 3*i + 1794. Let n = i + 783. Suppose -4*m + n = 4*j, 286 = 4*j + 5*m + 43. Calculate the remainder when j is divided by 23.
21
Suppose 5*a = 25, 3*z + 3*a = 4*a + 232. Suppose 0*l + z = -4*p - l, -3*p - 64 = -4*l. Let h = p - -44. What is the remainder when h is divided by 13?
11
Let v(t) = 8*t**2 + t + 5. What is the remainder when 244 is divided by v(-2)?
34
Let h = 173 + -59. Calculate the remainder when h is divided by 29.
27
Suppose -1 = 2*a - 5. Suppose -125 = -5*g - 4*w, -5*w - 18 = -a*g - 1. What is the remainder when g is divided by ((-76)/20 - -2)/((-9)/30)?
3
Let c(d) = d**3 - 9*d**2 + 8*d + 3. Let b be c(8). Suppose -b*z = z - 152. Let x = -31 + z. What is the remainder when x is divided by 2?
1
Let w(j) = -13*j + 33*j**3 - 35*j**3 - 7*j**2 + 8*j. What is the remainder when w(-4) is divided by 13?
10
Suppose 0 = -8*r + 179 + 1101. Suppose -5*v + 5*w = -r, -3*v - 2*w - 2*w = -61. Let p(x) = 4*x - 7. Calculate the remainder when v is divided by p(6).
10
Suppose 5*f + 4*h - 32 = 7*h, f - 8 = h. What is the remainder when 53 is divided by (72/(-20))/(f/(-30))?
26
Let n = -26 - -40. Suppose -n = -7*v + 112. Suppose p = -p + v. What is the remainder when 16 is divided by p?
7
Let l be (-9)/(-2) - (-1)/(-2). Suppose -r - 2 = -l. Suppose -4*h = -r*h - 44. What is the remainder when 63 is divided by h?
19
Suppose -5*b + 228 + 122 = 0. Suppose 0 = 3*l - 15, -3*v + 83 = -0*v - 5*l. Calculate the remainder when b is divided by v.
34
Let h(k) be the second derivative of -k**4/12 - 4*k**3/3 - 2*k**2 - 44*k - 2